is the remainder when 3538 is divided by 34?
2
What is the remainder when 33452 is divided by 6543?
737
What is the remainder when 283764 is divided by 233?
203
What is the remainder when 19478 is divided by 174?
164
Calculate the remainder when 1589 is divided by 1470.
119
Calculate the remainder when 477 is divided by 400.
77
Calculate the remainder when 1415855 is divided by 26.
25
Calculate the remainder when 19697 is divided by 49.
48
What is the remainder when 165424 is divided by 65?
64
What is the remainder when 5538656 is divided by 371?
368
Calculate the remainder when 607 is divided by 59.
17
Calculate the remainder when 797 is divided by 275.
247
What is the remainder when 975560 is divided by 17?
15
What is the remainder when 482223 is divided by 667?
649
What is the remainder when 7678 is divided by 1758?
646
What is the remainder when 3969 is divided by 314?
201
Calculate the remainder when 221743 is divided by 2092.
2083
What is the remainder when 692 is divided by 685?
7
Calculate the remainder when 202848 is divided by 50704.
32
What is the remainder when 140662 is divided by 700?
662
What is the remainder when 22199 is divided by 229?
215
Calculate the remainder when 22390 is divided by 7462.
4
What is the remainder when 2494 is divided by 168?
142
What is the remainder when 9339 is divided by 21?
15
What is the remainder when 6400 is divided by 44?
20
What is the remainder when 51808 is divided by 2353?
42
What is the remainder when 4796 is divided by 766?
200
What is the remainder when 15106 is divided by 3771?
22
What is the remainder when 223025 is divided by 66?
11
What is the remainder when 56017 is divided by 301?
31
What is the remainder when 2192 is divided by 11?
3
What is the remainder when 11920 is divided by 66?
40
Calculate the remainder when 106318 is divided by 17.
0
Calculate the remainder when 6802 is divided by 1357.
17
Calculate the remainder when 89812 is divided by 11213.
108
What is the remainder when 68572 is divided by 22850?
22
What is the remainder when 29869 is divided by 6?
1
Calculate the remainder when 33194 is divided by 4132.
138
What is the remainder when 639032 is divided by 5?
2
What is the remainder when 272697 is divided by 36?
33
Calculate the remainder when 859 is divided by 505.
354
Calculate the remainder when 41800 is divided by 41796.
4
What is the remainder when 2271 is divided by 187?
27
Calculate the remainder when 1967865 is divided by 10.
5
What is the remainder when 30075 is divided by 338?
331
What is the remainder when 3114 is divided by 182?
20
Calculate the remainder when 15602 is divided by 7751.
100
Calculate the remainder when 87289 is divided by 12465.
34
What is the remainder when 45608 is divided by 87?
20
What is the remainder when 4480 is divided by 568?
504
What is the remainder when 2947 is divided by 95?
2
What is the remainder when 9686 is divided by 897?
716
Calculate the remainder when 5826 is divided by 1333.
494
Calculate the remainder when 486026 is divided by 25579.
25
What is the remainder when 13531 is divided by 27?
4
Calculate the remainder when 2310 is divided by 1145.
20
Calculate the remainder when 163348 is divided by 75.
73
What is the remainder when 519820 is divided by 3?
1
Calculate the remainder when 242723 is divided by 187.
184
Calculate the remainder when 109 is divided by 75.
34
What is the remainder when 736629 is divided by 329?
327
What is the remainder when 3712 is divided by 617?
10
Calculate the remainder when 318755 is divided by 40.
35
Calculate the remainder when 38528 is divided by 450.
278
Calculate the remainder when 206141 is divided by 15857.
0
Calculate the remainder when 853 is divided by 212.
5
What is the remainder when 1586519 is divided by 7777?
11
What is the remainder when 9701 is divided by 191?
151
What is the remainder when 6298 is divided by 6?
4
Calculate the remainder when 5737 is divided by 1127.
102
What is the remainder when 6319 is divided by 192?
175
Calculate the remainder when 17448 is divided by 596.
164
Calculate the remainder when 48531 is divided by 6066.
3
Calculate the remainder when 30769 is divided by 30766.
3
What is the remainder when 117064 is divided by 45?
19
Calculate the remainder when 90410 is divided by 9.
5
What is the remainder when 1108 is divided by 911?
197
Calculate the remainder when 1321559 is divided by 440518.
5
What is the remainder when 180166 is divided by 462?
448
Calculate the remainder when 121809 is divided by 130.
129
What is the remainder when 19480 is divided by 1216?
24
Calculate the remainder when 458816 is divided by 733.
691
Calculate the remainder when 120259 is divided by 911.
7
What is the remainder when 617053 is divided by 78?
73
What is the remainder when 85590 is divided by 175?
15
Calculate the remainder when 57312 is divided by 57185.
127
What is the remainder when 1265 is divided by 410?
35
What is the remainder when 76721 is divided by 79?
12
Calculate the remainder when 6459 is divided by 274.
157
What is the remainder when 7261 is divided by 619?
452
Calculate the remainder when 8354 is divided by 92.
74
Calculate the remainder when 56951 is divided by 8084.
363
Calculate the remainder when 78940 is divided by 11.
4
Calculate the remainder when 2417 is divided by 688.
353
Calculate the remainder when 7715 is divided by 166.
79
Calculate the remainder when 10610 is divided by 175.
110
Calculate the remainder when 11626 is divided by 106.
72
What is the remainder when 80358 is divided by 27?
6
Calculate the remainder when 4205 is divided by 603.
587
Calculate the remainder when 3883 is divided by 485.
3
Calculate the remainder when 51548 is divided by 24.
20
What is the remainder when 3686 is divided by 774?
590
Calculate the remainder when 15408 is divided by 952.
176
Calculate the remainder when 1915 is divided by 927.
61
Calculate the remainder when 230749 is divided by 115369.
11
Calculate the remainder when 23823 is divided by 48.
15
Calculate the remainder when 182589 is divided by 89.
50
What is the remainder when 7023 is divided by 213?
207
Calculate the remainder when 88809 is divided by 8.
1
Calculate the remainder when 4653 is divided by 97.
94
Calculate the remainder when 1090 is divided by 149.
47
What is the remainder when 11237 is divided by 117?
5
Calculate the remainder when 225261 is divided by 208.
205
Calculate the remainder when 111684 is divided by 5583.
24
Calculate the remainder when 3169 is divided by 527.
7
What is the remainder when 4539 is divided by 4529?
10
Calculate the remainder when 12986937 is divided by 526.
523
Calculate the remainder when 130717 is divided by 75.
67
Calculate the remainder when 18420 is divided by 1034.
842
What is the remainder when 30933 is divided by 16?
5
What is the remainder when 5656 is divided by 104?
40
What is the remainder when 41519 is divided by 13810?
89
Calculate the remainder when 11829 is divided by 133.
125
What is the remainder when 333917 is divided by 252?
17
What is the remainder when 466774 is divided by 12?
10
Calculate the remainder when 16463 is divided by 24.
23
What is the remainder when 138780 is divided by 26?
18
What is the remainder when 692 is divided by 224?
20
What is the remainder when 64802 is divided by 34?
32
Calculate the remainder when 2184 is divided by 432.
24
Calculate the remainder when 5084 is divided by 5081.
3
Calculate the remainder when 1522 is divided by 89.
9
What is the remainder when 1877 is divided by 250?
127
Calculate the remainder when 1865907 is divided by 205.
202
What is the remainder when 387581 is divided by 183?
170
Calculate the remainder when 272494 is divided by 185.
174
Calculate the remainder when 58779 is divided by 277.
55
Calculate the remainder when 648350 is divided by 177.
176
Calculate the remainder when 121967 is divided by 107.
94
What is the remainder when 889775 is divided by 111?
110
Calculate the remainder when 2041334 is divided by 102.
8
Calculate the remainder when 2462576 is divided by 90.
86
What is the remainder when 2393 is divided by 2365?
28
Calculate the remainder when 85962 is divided by 42971.
20
Calculate the remainder when 37259 is divided by 203.
110
Calculate the remainder when 9529 is divided by 5